*3 - 11*n**2 + 2*n + 1. Calculate the remainder when 67*-2*(-2)/4 is divided by r(11).
21
Suppose -r = 3*r - 384. Calculate the remainder when r is divided by 14.
12
Suppose -2 = 3*x + 3*i - 17, -5*i = 4*x - 21. Let k = 6 + -6. Suppose k*t + 10 = 5*t. What is the remainder when x is divided by t?
0
Let y = 113 + -66. What is the remainder when 233 is divided by y?
45
Let m = 25 + -40. Let x = 33 + m. Calculate the remainder when 6 is divided by (x/3)/((-6)/(-4)).
2
Suppose 2*t + 3*d - 6 - 10 = 0, 5*t - 18 = -2*d. Let y(l) = 8*l**2. Let q be y(-1). Let j = q + t. Calculate the remainder when 28 is divided by j.
8
Suppose 3*c - 2*u = 7 - 32, 0 = 4*c + 5*u - 5. Let n = 14 - c. Calculate the remainder when n is divided by 10.
9
Let m = 4 + -1. Suppose -3*d + m = j - 68, 3*j - 15 = 0. Suppose -5*n + 39 = -2*v + v, -2*v = -4*n + 30. Calculate the remainder when d is divided by n.
6
Let m(y) = 2*y**2 + 21*y + 60. Calculate the remainder when m(-11) is divided by 5*5 + -1*1.
23
Suppose 0 = h - 5*h + 12. Suppose -h*x = -x + 104. Let j = -17 - x. What is the remainder when j is divided by 9?
8
Suppose 0 = 3*b + b - 100. What is the remainder when 122 is divided by b?
22
Suppose -2*y = -b + 12, -4*y + 31 = 3*b - 9*y. Let i(o) = o**3 + 7*o**2 - 4. Calculate the remainder when i(-6) is divided by b/(((-18)/51)/(-3)).
15
Suppose 0 = 19*f - 15*f - 220. Calculate the remainder when f is divided by 16.
7
Suppose 4*g = 3*v - 28, 4*v + 1 = 2*g + 25. Suppose 4 + 24 = v*b. Calculate the remainder when 20 is divided by b.
6
Let q = 26 - -1. What is the remainder when 78 is divided by q?
24
Let w(q) be the third derivative of 1/6*q**3 + 0 - 1/6*q**4 + q**2 + 0*q. Calculate the remainder when 38 is divided by w(-3).
12
Let i(h) = h**2 + 5*h + 2. Let w be i(-4). Let r(u) be the first derivative of u**3 + u**2/2 - 2*u - 2. What is the remainder when 15 is divided by r(w)?
7
Let g = -3 - -27. What is the remainder when g is divided by 14?
10
Let w(r) = -3*r**2 - 3. Let s(q) = -2*q**2 + q - 2. Let n(d) = 4*s(d) - 3*w(d). Let o be n(-4). Calculate the remainder when (-7)/o*-3*1 is divided by 11.
10
Suppose 2*d = -5*p + 90, -2 = -4*p + 4*d + 42. Let u(z) = 31*z. What is the remainder when u(2) is divided by p?
14
Let x be -4*(15/(-12) + 2). Let y be x/(-12) - (-11)/4. Suppose 2*a - p = 24, -2*a + y*p = 2*a - 46. Calculate the remainder when 36 is divided by a.
10
Suppose 0 = o + 3*q - 26, 4*q + 7 + 33 = 4*o. Suppose -2*i + 0*i + o = 0. Let y(n) = n - 1. Calculate the remainder when i is divided by y(4).
1
Let w = -68 + 77. Calculate the remainder when 24 is divided by w.
6
Let k = 48 + -16. What is the remainder when 223 is divided by k?
31
What is the remainder when 61 is divided by ((-32)/(-3) - -2) + (-11)/(-33)?
9
Suppose 180 = r + 11*r. Calculate the remainder when r is divided by 8.
7
Let k(p) = p**3 + 9*p**2 - 4*p - 26. What is the remainder when 47 is divided by k(-9)?
7
Let p be (-13)/(-5) + (-16)/(-40). Suppose -24 = -p*i - i. Suppose -2*z + 2 = q, 3*z - 38 = -3*q - 2*q. Calculate the remainder when q is divided by i.
4
Let y be (-2)/(-4) - 1/2. Suppose y*j + j - 16 = 0. Calculate the remainder when 4/(-10) - (-237)/5 is divided by j.
15
Suppose -4*u + 28 = 5*i, u + 2*u - 6 = 0. Let b be i/(-8) - 18/(-4). Let w = b - -6. Calculate the remainder when 28 is divided by w.
8
Let l = 11 - -4. Calculate the remainder when 58 is divided by l.
13
Let f = -1 - -31. What is the remainder when f is divided by 16?
14
Suppose c - 31 = j - 4*c, 5*j - 3*c + 177 = 0. Calculate the remainder when 178/9 - 8/j is divided by 7.
6
Let g(s) = 10*s**2 - 7*s - 1. Calculate the remainder when g(3) is divided by 14.
12
Let n be (-5)/2*16/(-10). Let y(a) = -a**2 + 7*a - 5. Let x be y(n). Calculate the remainder when 4*(-3)/(-6)*x is divided by 8.
6
Let c = 33 - -24. Suppose -6*k + 5*k = -c. Calculate the remainder when k is divided by 15.
12
Let u = -38 + 58. What is the remainder when u is divided by 7?
6
Suppose 21 = 7*d - 4*d. Calculate the remainder when 18 is divided by d.
4
Suppose 21 = 2*d - 5. Suppose -3*t - 3*n = -159, 92 = 2*t - 2*n - 6. What is the remainder when t is divided by d?
12
Let h(f) = -5 + 6 - f + 6 + 8. What is the remainder when 22 is divided by h(7)?
6
Let m(p) = 3*p + 1. Let v be m(1). Suppose 86 - 3 = 3*k + 2*y, -k = -v*y - 51. What is the remainder when k/4 + (-1)/(-4) is divided by 5?
3
Suppose -2*z + 6*z - 12 = -4*s, z - s = 3. Suppose 4*f - 14 = -m, 6*f + 4*m = z*f + 17. What is the remainder when f is divided by 3?
0
Let y(o) = -9 + 0 + 6 + 4*o. Suppose -4*k = -7*k - p + 18, -k - p + 6 = 0. Calculate the remainder when y(k) is divided by 11.
10
Suppose 5*m - 545 + 195 = 0. Calculate the remainder when m is divided by 18.
16
Let j = -49 + 55. What is the remainder when 20 is divided by j?
2
Let u(n) = 6*n**2 - 2*n - 4. Let d be (-146)/(-6) + (-8)/24. What is the remainder when u(3) is divided by (-1*3)/(d/(-184))?
21
Suppose 4*i = -2*o + 138, -5*o + i + 4*i + 390 = 0. What is the remainder when (2/5)/(1/o) is divided by 8?
6
Suppose u - 2*m - 6 - 7 = 0, 5*u + 3*m - 39 = 0. Calculate the remainder when 24 is divided by u.
6
Let s = 223 - 156. Calculate the remainder when s is divided by 18.
13
What is the remainder when 21 is divided by -1 + 65/(25/5)?
9
Let g(c) = 30*c. Let t be g(2). Let q = 21 - 19. Suppose -m = q*m - t. What is the remainder when m is divided by 7?
6
Suppose 12 + 3 = 5*l. Suppose -1 = r - l. Suppose 5*z - 9 = -4*t, t - r*t = -z + 9. Calculate the remainder when 13 is divided by z.
3
Let k = 53 - 34. Let n = 72 - k. Calculate the remainder when n is divided by 14.
11
Suppose -2*d - 11 = -3*d. Let x(q) = 7*q - 18. Calculate the remainder when x(7) is divided by d.
9
Let q(g) be the third derivative of g**5/15 - g**4/8 + 4*g**2. What is the remainder when q(-4) is divided by 26?
24
Let x be (0 + -45)*(-14)/(-21). Let d = x + 2. Let i = d + 46. Calculate the remainder when 35 is divided by i.
17
Let d = -116 - -145. Calculate the remainder when d is divided by 6.
5
Suppose 4*g = -2*p + 18, 0 = -g - 2*p + 7*p - 1. Suppose 0*h = g*w + 4*h - 152, -5*h = w - 18. What is the remainder when w is divided by 22?
21
Let o(k) = -k**3 + k**2 + k + 2. Let c = 15 - 10. What is the remainder when c is divided by o(0)?
1
Let j = 1 - 1. Suppose j*q + 3*q = -3. What is the remainder when 32 is divided by (2 + q + 0)*17?
15
Suppose 8*i - 6*i = 8, -4*k + 5*i = 0. What is the remainder when 13 is divided by k?
3
Suppose -4*t + 3*t = -10. Calculate the remainder when 27 is divided by t.
7
Let f(n) = 2*n**2 - 4*n + 2. Let x be f(2). What is the remainder when 6 is divided by (2 + 1)/(x/2)?
0
Let x = 4 + 0. Suppose 3*f = 3*p + 36, -x*f + 54 = -0*f - 2*p. What is the remainder when f is divided by 8?
7
Let p(g) = g**3 + 20*g**2 + 27. What is the remainder when p(-20) is divided by 6?
3
Suppose 20 = 5*i + 5*g, -4*i - 9 = -5*g - 61. Suppose 3*t = 5 + 1. Suppose t*j + 2*w = 34, -3*j + 0 + 39 = -3*w. Calculate the remainder when j is divided by i.
7
Suppose 2*m - 36 = -2*m. Let l(h) = -h**2 + 7*h - 5. Suppose -2*q = -4 - 6. Calculate the remainder when m is divided by l(q).
4
Let v(i) = 6*i**3 - 4*i**2 - 4*i**3 - 3*i + 1 - 3*i**3. Let k = 1 - 5. What is the remainder when 38 is divided by v(k)?
12
Suppose -8*l + 30 = -3*l. Calculate the remainder when 10 is divided by l.
4
Calculate the remainder when 3 + -7 - (-139 - -1) is divided by 17.
15
Let u(k) = 3*k**2 + 5*k + 1. Calculate the remainder when u(-4) is divided by 21.
8
Suppose -5*b - 9 - 11 = 0. What is the remainder when 8 is divided by (b - 1)/(-2 - -1)?
3
Suppose 0 = -5*d + 348 + 57. Calculate the remainder when d is divided by 28.
25
Suppose -4*x = -d + 24, 2*x - 20 = -3*d + 66. What is the remainder when 99 is divided by d?
15
What is the remainder when 9 is divided by ((-8)/12 - 1)*-3?
4
Let o(l) = l**2 - 11*l - 42. Calculate the remainder when 40 is divided by o(15).
4
Suppose -4*f - 3 - 1 = 0, j = -5*f + 6. What is the remainder when 16 is divided by j?
5
Let q = -10 - -14. Suppose j - 3*y = 0, -8*j + q*j + 3*y = -18. Calculate the remainder when 7 is divided by (j + 2)/((-4)/(-2)).
3
Let v(c) = 3*c**2 + 2*c + 1. Let z(m) = -m**3 + 12*m**2 + 18*m - 31. Calculate the remainder when z(13) is divided by v